 7, what is -25 + 1000060264?
1000060236
In base 7, what is -460531 - -13441?
-444060
In base 8, what is 3 - 1170711575?
-1170711572
In base 3, what is 20010200102 - 2211?
20010120121
In base 10, what is 1036 + -79?
957
In base 15, what is c54d - -e4?
c642
In base 13, what is 68c89 + -5?
68c84
In base 3, what is -1021201111002 + -12021?
-1021201200100
In base 2, what is -10101111 + -10001001011110000?
-10001001110011111
In base 16, what is -86 - -f217e?
f20f8
In base 7, what is -23 + 1616246?
1616223
In base 10, what is -4 + 248254350?
248254346
In base 16, what is 9ef - 3778?
-2d89
In base 2, what is -100100111000001011011001 + 1000101?
-100100111000001010010100
In base 16, what is -edc10 - 414?
-ee024
In base 13, what is 307982 - 3?
30797c
In base 12, what is 4584 + -165?
441b
In base 15, what is -3 + -1522e48?
-1522e4b
In base 2, what is -11100 - 10001111000011?
-10001111011111
In base 13, what is -147 + -117bc?
-11936
In base 14, what is -1 - 17123?
-17124
In base 12, what is -b6bb36 - 0?
-b6bb36
In base 4, what is 222330321111111 - 1?
222330321111110
In base 9, what is 62 + -11011522?
-11011450
In base 16, what is 258a + -9b1?
1bd9
In base 12, what is 1 - 2849001?
-2849000
In base 10, what is 6149634 - 0?
6149634
In base 7, what is -112 + 105111?
104666
In base 2, what is -100 + 10100011101000111100011010?
10100011101000111100010110
In base 11, what is -1 + -947a363?
-947a364
In base 9, what is -10822837 - 27?
-10822865
In base 6, what is 322552123 + -15?
322552104
In base 3, what is 0 + -11022101102?
-11022101102
In base 7, what is -15066300 - -5?
-15066262
In base 3, what is 12212202121 - -1200220?
12221110111
In base 10, what is 29661 - -10495?
40156
In base 5, what is 3 - 332132310424?
-332132310421
In base 4, what is -110 - 1323013122?
-1323013232
In base 10, what is 1 + -2339224?
-2339223
In base 11, what is 338a88 + 12?
338a9a
In base 3, what is -2110022100112020 + 12?
-2110022100112001
In base 9, what is -133 + 1124762?
1124628
In base 15, what is 5 + c3a7b4?
c3a7b9
In base 2, what is -1001011000001110010 - -10011?
-1001011000001011111
In base 16, what is 62222 + 1?
62223
In base 6, what is -134553 - 21303?
-200300
In base 2, what is 1101010111001001000101001 - 100000?
1101010111001001000001001
In base 11, what is -5a - 8940?
-899a
In base 11, what is 21a65871 + 5?
21a65876
In base 16, what is -1174 + 17a?
-ffa
In base 13, what is 50a4 + 750?
5824
In base 10, what is -9042433 + -7?
-9042440
In base 13, what is -30c6778 + -10?
-30c6788
In base 10, what is 76451023 + 5?
76451028
In base 3, what is 22011011210120101002 - 0?
22011011210120101002
In base 3, what is 122 + 10121121110121?
10121121111020
In base 8, what is 4474522 - -11?
4474533
In base 14, what is -1d - d38423?
-d38442
In base 14, what is 48a + 28686?
28b32
In base 10, what is -210961 - 1658?
-212619
In base 3, what is -100020011122120200 + -10?
-100020011122120210
In base 15, what is 65b2b25 - 0?
65b2b25
In base 5, what is 303133301 + -1223?
303132023
In base 9, what is -52164 - 111?
-52275
In base 5, what is 1031223332 - -31?
1031223413
In base 7, what is 216412 + -4006?
212403
In base 14, what is 39 - bcaa?
-bc71
In base 7, what is -15 + 4165535?
4165520
In base 15, what is -2031a - -10b7?
-1e253
In base 15, what is 328b4c + -1?
328b4b
In base 10, what is -116188310 + 2?
-116188308
In base 16, what is 1137 + -3b2d?
-29f6
In base 8, what is 3 - 10064567?
-10064564
In base 7, what is -14144 - 2161?
-16335
In base 4, what is 10 - 3102033312?
-3102033302
In base 3, what is -2020110222202 + 1010?
-2020110221122
In base 15, what is -13a95c - -7b?
-13a8d1
In base 3, what is -1 + 1002202002020020?
1002202002020012
In base 6, what is -14025 + 142411?
124342
In base 4, what is -21033103 - -2230113?
-12202330
In base 12, what is -5 - 2442646?
-244264b
In base 7, what is 10104242016 + -4?
10104242012
In base 7, what is 4 - -606526266?
606526303
In base 14, what is -10 + 58d5?
58c5
In base 5, what is -4443122 + 112214?
-4330403
In base 10, what is 653175920 - -4?
653175924
In base 7, what is 20330240 - -4?
20330244
In base 8, what is 1 + -10622454?
-10622453
In base 8, what is -707641 - -3?
-707636
In base 12, what is -16 + -103038?
-103052
In base 9, what is 6681 + 1252?
8043
In base 14, what is -3580 + -196?
-3736
In base 6, what is -4 + -131214355?
-131214403
In base 14, what is -284cb - -234?
-28297
In base 9, what is 31885 + -2166?
28718
In base 9, what is 155032 - 82?
154840
In base 16, what is 34e4b3 + -2?
34e4b1
In base 9, what is -4 - -47661300?
47661285
In base 5, what is -1 + 32032443?
32032442
In base 5, what is -1 - 33403112032?
-33403112033
In base 5, what is 13333 + -42221?
-23333
In base 6, what is 1515232 - -4000?
1523232
In base 13, what is -3 + -cc81508?
-cc8150b
In base 5, what is 32420242120 + 4?
32420242124
In base 11, what is -1 + 929190a6?
929190a5
In base 11, what is 12342a4 + 4?
12342a8
In base 12, what is 2 + a134aa?
a134b0
In base 15, what is -5500e69 + -1?
-5500e6a
In base 15, what is 3c68a8 - -5?
3c68ad
In base 7, what is 14 + 1255214661?
1255215005
In base 4, what is -20220 + 301120?
220300
In base 12, what is 97 + 4b468?
4b543
In base 8, what is 326720762 - 10?
326720752
In base 8, what is 223570 - -10?
223600
In base 8, what is 20632310 - -13?
20632323
In base 13, what is -15704 - -1640?
-14094
In base 11, what is -29236aa9 + -5?
-29237003
In base 11, what is 16668 + 6a92?
2264a
In base 4, what is 102311220031 - 3?
102311220022
In base 10, what is -3 + 2039738?
2039735
In base 4, what is 31200111321 - -2?
31200111323
In base 16, what is 0 - -3ebea4?
3ebea4
In base 5, what is -12021013242 + -4?
-12021013301
In base 2, what is -100110 + -1011111000111100?
-1011111001100010
In base 7, what is 41515 - -1253?
43101
In base 10, what is -579 - 40159?
-40738
In base 2, what is -11001011 - 111010010100011010?
-111010010111100101
In base 7, what is -13 - 2314645?
-2314661
In base 5, what is -103 + 10433023?
10432420
In base 9, what is -3653 - 225023?
-228676
In base 2, what is -1111011 - 10100101010010100001?
-10100101010100011100
In base 2, what is -11110111 - 1100010101010111011110?
-1100010101011011010101
In base 4, what is 12121 + 300123211?
300201332
In base 16, what is f07208 - -3c?
f07244
In base 5, what is 41101033143 + 2?
41101033200
In base 13, what is -80ba0 - -148c?
-7c711
In base 12, what is 500181b - 2?
5001819
In base 6, what is 5 + 411135123?
411135132
In base 4, what is 1311102033 + -22?
1311102011
In base 13, what is -311c72 - -b?
-311c64
In base 6, what is 1054504 - -34214?
1133122
In base 2, what is -101 + -1100000100110001011011111101?
-1100000100110001011100000010
In base 13, what is -b - 16a358?
-16a366
In base 10, what is -13879 + -764?
-14643
In base 16, what is -175b - 14cb?
-2c26
In base 9, what is -1271 + 2076?
705
In base 9, what is -37 - -503008?
502861
In base 15, what is -e7 + 65b9?
64c2
In base 4, what is 100113122 + -1011?
100112111
In base 16, what is ea1 - f7c?
-db
In base 6, what is -20115334 + 30?
-20115304
In base 14, what is -1 + -16a65d2?
-16a65d3
In base 12, what is 0 - -8b437391?
8b437391
In base 11, what is 118 + -9865?
-9748
In base 13, what is -5b49 + 3845?
-2304
In base 10, what is 20250971 - 4?
20250967
In base 6, what is 20230433110 - -2?
20230433112
In base 16, what is 24f46a + -14?
24f456
In base 8, what is -141250 + -33263?
-174533
In base 5, what is 10120 - -1001343?
1012013
In base 6, what is -145105 - 3434?
-152543
In base 16, what is -4 + 13a2273?
13a226f
In base 7, what is -21 - -13616223?
13616202
In base 10, what is -91883 - 54?
-91937
In base 5, what is 20 - 4341100110?
-4341100040
In base 15, what is b56 + 996?
15ec
In base 2, what is 10100000011100100 + -1010001110?
10011111001010110
In base 5, what is 3031300133 + 3?
3031300141
In base 6, what is 1310232 + -31?
1310201
In base 10, what is -41 + -586652?
-586693
In base 7, what is 43226 - 14311?
25615
In base 11, what is -3565676 - -1?
-3565675
In base 8, what is 132154154 - -2?
132154156
In base 3, what is 21110000111010011 + -12?
21110000111002222
In base 7, what is -10200423 + 5?
-10200415
In base 9, what is 270845 + 15?
270861
In base 10, what is 1453 - 42742?
-41289
In base 13, what is c514 - -408c?
135a3
In base 16, what is 3858b + 30?
